st common divisor of h and 94?
47
Let m = 34 - -12. Let k = -28 + m. Let n(s) = -s**2 - 9*s + 70. Let x be n(-13). Calculate the highest common factor of x and k.
18
Let k be 0 + -1 + (7 - 3). Suppose -351 = -11*o + 2*o. Calculate the greatest common factor of o and k.
3
Let y(x) = -x**3 + 4*x**2 + 2*x - 1. Let u be y(4). Let h = 254 + -249. Let o = u + h. What is the highest common divisor of o and 24?
12
Let g(t) = -t**2 + 3*t. Let m be g(4). Let n be m/6*(22 - 1). Let q be (-5751)/(-63) - (-4)/n. Calculate the greatest common factor of q and 13.
13
Let k(h) = 5*h + 14. Let x be k(0). What is the greatest common factor of 7 and x?
7
Let v be (-8)/52 - (-56)/26. Let j(m) = -3*m**2 + 35*m**3 + 8 - m**v + 2*m**2 - 10. Let s be j(2). What is the greatest common factor of 30 and s?
30
Suppose 19*l - 472 = 1295. Calculate the highest common factor of l and 9.
3
Suppose -4*n + 4*j = -52, -2*j + 201 - 47 = 10*n. What is the greatest common factor of 235 and n?
5
Suppose 699*x = 709*x - 3810. What is the highest common divisor of x and 3?
3
Suppose 4*s - 4 = -3*q, q - 2*q = -3*s - 10. Suppose 35 = q*b - 9*b. Let a = 10 + b. Calculate the highest common factor of 1 and a.
1
Let s be 3/9*5 + 1520/114. Calculate the highest common divisor of 85 and s.
5
Suppose 2 = -c, n - 23 = 4*c - 1. Calculate the greatest common factor of n and 14.
14
Let p = 72 + -68. Suppose p*m + 5*r = -7, m - 4*m - 9 = 5*r. Calculate the greatest common factor of m and 6.
2
Let x be (-6 - 29)*(-12)/15. Suppose 25*w = x*w - 462. Calculate the greatest common divisor of w and 22.
22
Suppose 0*n - 20 = -5*n. Let k(j) = -j**2 - 23*j + 13 - 19*j + 50*j. Let w be k(9). What is the highest common factor of n and w?
4
Let c = 2130 + -1358. Suppose -3*t = t - c. Let z = t - 133. What is the highest common factor of 20 and z?
20
Let i(b) = 4*b + 15. Let h be i(-3). Let n be 26 - -2*(h + -4). Let x = 307 + -67. Calculate the highest common factor of n and x.
24
Let u(p) = 6*p - 25. Let z be 21/6 + (-6)/(-4). Let c be u(z). Calculate the greatest common divisor of 55 and c.
5
Let v = 685 - 683. Let u = 6 - 3. Calculate the greatest common factor of u and v.
1
Suppose -5*w - 25 = -4*q, -q = -3*w + q - 13. Let n be 0/(w*(-1 - -3)). Suppose -4*y + 20 + 4 = n. Calculate the highest common factor of y and 6.
6
Let x(q) = -q**2 - 9*q - 4. Let u be x(-6). Let a(f) = f**2 + 18*f + 14. Let y be a(-17). Let v = 11 - y. What is the greatest common divisor of v and u?
14
Let g(k) = -k**3 + 7*k**2 + 10*k - 11. Let r be g(8). Let f be r*2/((-40)/(-36)). What is the greatest common factor of 36 and f?
9
Suppose 0 = -8*k + 10*k + 3*f - 1, 0 = -k - 2*f. Suppose 0*g - 2*g + 13 = 5*n, g + k*n = 6. Calculate the greatest common divisor of 20 and g.
4
Let p be 8/1*(-35)/63*-9. Calculate the highest common divisor of p and 55.
5
Let a(m) = m**3 + 18*m**2 + 50*m + 310. Let p be a(-16). Calculate the highest common factor of p and 2222.
22
Let a be (-3)/(-21) + 530/14. Let l = -1127 - -1545. What is the greatest common divisor of a and l?
38
Suppose 5 = -4*q + 129. Let i = q + -23. What is the highest common divisor of i and 12?
4
Let t be (39 - 3)*(-3)/(3/(-11)). Suppose -11*z + 9*z = -t. Calculate the highest common factor of z and 22.
22
Let f = 555 + -320. What is the greatest common factor of 141 and f?
47
Let h(n) = -n + 20. Let v be h(-4). Let r = 112 - 64. Calculate the greatest common factor of v and r.
24
Let s = 1346 - 1284. What is the greatest common factor of s and 682?
62
Suppose -18 = -d + 4*d. Let y be (-9)/d*(2 + -44). Let b = y + 247. What is the highest common divisor of b and 23?
23
Let o = -84 - -76. Let a be (-2082)/o + 9/12. Calculate the highest common divisor of 29 and a.
29
Let y(z) = z**3 + 18*z**2 + 33*z + 26. Let b be y(-13). Suppose -2*a - 2*o + 230 = 0, -4*a + 2*o + 0*o + b = 0. What is the highest common divisor of a and 28?
28
Suppose -28 = 2*s - 124. Let r(a) = -a**3 - 3*a**2 - 6*a - 1. Let v be r(-4). Suppose 5*g + 9 = v. Calculate the greatest common factor of g and s.
6
Let x = 5 - 1. Let n be x/(-16) - 33/(-4). Let z(h) = 2*h + 4. Let k be z(n). What is the highest common divisor of k and 20?
20
Let k be (-60)/27 + 2 - 735/(-27). Suppose 13*p + k = 157. What is the greatest common factor of 50 and p?
10
Let p = -138 + 146. Suppose 5*m - 270 = -5*g, 5*m + 2*g - 308 + 32 = 0. Calculate the highest common factor of m and p.
8
Let o be 1/(-6) - 2*1622/(-24). Suppose -2*v + 205 = -5*w, -2*v = -5*v + 2*w + 280. Calculate the greatest common factor of o and v.
45
Let w be 4 - 3/6*30. Let v = 7 - w. Calculate the highest common factor of v and 54.
18
Let m(l) be the first derivative of l**3/3 + 15*l**2/2 - 10*l + 5. Let h be m(-16). What is the greatest common divisor of h and 42?
6
Let n be ((-2 - 5) + -26)*-1. Let m be (2 + 0)/((-2)/(-22)). What is the highest common factor of m and n?
11
Let g = 182 - 110. Let z = 29 - 21. Let p be ((-4)/(-2))/(2/z). What is the highest common factor of g and p?
8
Let l = -12 - -14. Suppose 3*x - 51 = -3*d, 0 = 4*d + 4*x - l*x - 58. Let p = 19 - d. Calculate the highest common divisor of p and 7.
7
Suppose b + a = 12, a = b + 26 - 34. What is the highest common divisor of b and 290?
10
Let n be (-110)/(-15) - 18/(-27). Calculate the highest common factor of 52 and n.
4
Suppose -3*u = -2*c + 357, -3*u = 3*c - 4*c + 177. What is the highest common divisor of 144 and c?
36
Suppose 0 = 246*y - 236*y - 140. Calculate the greatest common factor of 910 and y.
14
Suppose 7*t + 18 = 74. Suppose -t*v + 16 = -0. What is the greatest common divisor of v and 4?
2
Let q(y) = -13*y - 10. Let c be q(-2). Let r(p) = 2*p**2 + p + 48. Let s be r(0). Calculate the highest common factor of s and c.
16
Suppose -c - 288 = -4*c. Let f be (-4)/14 - c/(-42). Suppose -14*a + 4*m - 40 = -16*a, 35 = a + 5*m. What is the greatest common divisor of a and f?
2
Let q = -124 + 326. Let h = q + 223. Suppose 4*d - h = -5*v, -4*d + 0*v = -5*v - 455. What is the highest common divisor of 22 and d?
22
Let c be (70/(-3))/(-5) - 5/(-15). Suppose -2*o = -3*l - 29, 5*l - 42 = -c*o - 7. What is the highest common factor of o and 80?
10
Let d = -536 - -992. Suppose -3*n + 6*n - d = 0. Calculate the greatest common factor of n and 19.
19
Let d = 14 + -115. Let o be d/(-2) - 1/2. Suppose 76 = 4*s - 5*b + 6, 4*b = 4*s - 72. Calculate the highest common factor of s and o.
10
Suppose -4*i + 2 = -14. Suppose i*q = 6 + 6. Calculate the highest common divisor of q and 15.
3
Suppose 36 = -y - 3*y - 4*c, -4*y + 3*c = 1. Let i be 3/((-6)/y) + 8/1. What is the greatest common divisor of 35 and i?
5
Let b(f) = -2*f + 10. Let d be b(8). Let p = d - -14. Suppose 0 = -3*n + n - 2*t + 24, -12 = -n - 2*t. Calculate the highest common factor of n and p.
4
Suppose -l + 130 = 2*x, -2*l + 62 = x - 3*l. What is the highest common factor of 96 and x?
32
Let b be (-3714)/(-42) - -1 - 4/(-7). Calculate the greatest common divisor of 162 and b.
18
Let p = -197 + 505. What is the greatest common divisor of 28 and p?
28
Let h(l) = 14*l**2 + 6*l - 12. Let q(n) = 5*n**2 + 2*n - 4. Let k(g) = -6*h(g) + 17*q(g). Let r be k(-4). Calculate the highest common factor of 70 and r.
14
Let o(j) be the third derivative of j**4/4 - 3*j**3 + 4*j**2. Let q be o(6). Calculate the greatest common divisor of 9 and q.
9
Let j(d) = -8*d - 230. Let o be j(-30). What is the highest common factor of 1570 and o?
10
Let s(r) = 4*r + 4. Let y(a) = -a**2 - 5*a - 4. Let x be y(-5). Let u be s(x). Let l be 9/u + (-237)/(-12). What is the greatest common factor of 95 and l?
19
Let b(d) = -10*d + 108. Let s be b(10). Calculate the highest common divisor of s and 68.
4
Let l = -395 - -446. What is the greatest common factor of l and 544?
17
Let o = 267 - 222. What is the greatest common divisor of o and 180?
45
Let x(n) = 552*n**3 - 3*n**2 + 2. Let u be x(1). What is the highest common factor of u and 58?
29
Let j(u) = -2*u**2 + 17*u - 8. Let g be j(8). Suppose g = 2*k + 2*h + 19 - 89, -3*k - 5*h + 99 = 0. What is the highest common divisor of 19 and k?
19
Suppose 133*z = 136*z - 96. Suppose 0*g = -2*g + 64. What is the highest common divisor of g and z?
32
Suppose -2*z - 427 = 2*o - 1475, -o = -4*z - 529. Calculate the highest common divisor of 